te m(-1).
-29
Suppose t - 14 + 20 = 0. Let k(b) = 0*b**2 - 5*b**2 - 4*b + 4 - b - 7*b + 3*b**2. Calculate k(t).
4
Let q be 7/(273/104) - 4/6. Let b(i) = -5 - q*i - i - 10 + 14. What is b(2)?
-7
Let x = 19819 + -19823. Let v(p) = p**3 + 4*p**2 - 3*p + 10. Determine v(x).
22
Suppose 385*b + 140 = 365*b. Let r(y) be the second derivative of y**4/12 + 7*y**3/6 + y**2/2 - 4*y. Calculate r(b).
1
Let h(d) = -d**3 - 6*d**2 + 8*d + 105. Let o(v) = 2*v**3 + 11*v**2 - 16*v - 193. Let c(p) = -11*h(p) - 6*o(p). What is c(-3)?
6
Let m(c) = -3*c**2 + 4*c. Let j(i) = -i**2 + i. Let k(n) = -7*j(n) + 2*m(n). Let s = -52 + 71. Suppose -5*p + 24 = s. Give k(p).
2
Let w(q) be the third derivative of q**5/30 - 19*q**4/24 + 47*q**3/6 + 2473*q**2. Calculate w(3).
8
Let g(t) = -9*t + 2. Let l be 0/(2/4*9*(-8)/(-36)). Give g(l).
2
Let u(v) = -2*v**2 - 93*v - 43. Suppose -3*j = -6 + 12, 82 = -2*r + 5*j. Calculate u(r).
3
Suppose -6 = k - 14. Suppose -x + k = -2*x. Let y(v) = 17*v**2 + v**3 - 6*v - 1007 + 1009 - 10*v**2. Calculate y(x).
-14
Let t(z) be the first derivative of 5*z**4/4 + 11*z**3/3 - 3*z**2/2 - 6*z - 134. Let r(c) = 4*c**3 + 11*c**2 - 4*c - 6. Let w(u) = 6*r(u) - 5*t(u). Give w(10).
4
Let m(q) = -3 + 265140*q - q**2 - 265135*q + 6. Give m(8).
-21
Let t be -49 - -56 - (-1 + -3). Let p(x) = 3*x - 18. Let m(j) = 10*j - 56. Let i(k) = 2*m(k) - 7*p(k). Calculate i(t).
3
Suppose y - 5*s = -3*s + 2, 5*y - 3*s - 10 = 0. Let b(x) = 4*x - 17*x**3 - x**y + 12*x**3 + 6*x**3 - 3*x**2. Calculate b(4).
16
Let z(p) = p**2 + 11*p - 3. Let q(g) be the first derivative of -3*g**2/2 - 97*g - 85. Let t be q(-29). Calculate z(t).
-13
Let d(s) = -s**3 - s**2 - s - 14. Let l = 17 - -13. Suppose 14*x - l = -30. Calculate d(x).
-14
Let x(p) be the second derivative of 3*p**5/20 - p**4/4 - p**3/6 + p**2 + 3*p. Let h be 2*-1*72/(-72). Give x(h).
12
Let h be 1/(-3) - (6/11 + (-4)/(-33)). Let c(a) = 3*a + 1. Give c(h).
-2
Let m(o) = -o**2 + 3*o + 4. Let r = -17 + 85. Let x = 44 - r. Let a = 27 + x. What is m(a)?
4
Let d = -39 - -53. Suppose -d*u + 12*u = -8. Suppose 8*a - 6*a + u = 0. Let m(r) = 3*r - 1. What is m(a)?
-7
Let l(n) be the second derivative of -n**4/2 - n**3/2 + 3*n**2/2 + 2*n + 499. Determine l(2).
-27
Let w(p) be the third derivative of -p**5/60 + 13*p**3/3 + p**2. Let f be (-339)/69 + 4/(-46). Let a be ((-4)/(-1))/(-4) - 5/f. Calculate w(a).
26
Suppose 4*j = 80 + 16. Suppose o - 17 = q, 0 = -4*o + q + 77 - j. Let f(i) = i - 13. Let m be f(o). Let b(y) = -4*y**3 + y**2 - y - 1. What is b(m)?
5
Let u(l) = -8*l - 14*l**2 + 29 + 18*l + l**3 - 6*l - 97 + l. Give u(14).
2
Suppose 48 = -5*h - p, p + 62 - 64 = 0. Let d(r) = -r**3 - 9*r**2 + 14*r + 31. Calculate d(h).
-9
Let o(t) = -3*t**2 + 41*t + 64. Suppose -2*w + 31 = 3*a, 5*w - 2 = a - 52. What is o(a)?
4
Let w(n) = -n**2 - 3*n - 3. Suppose -12*o = -16*o + 32. Suppose -7*c = 3*m - 2*c - o, 4*m + 20 = c. Give w(m).
-7
Let o(q) = 15 + 0*q + 9*q + 2*q**2 - q - q**2. Let p be o(-6). Let u(j) = -4*j - p + 5 + 0. Determine u(-2).
10
Let c(d) = -d**3 + 12*d**2 - 53*d + 333. Let o(n) = -n**3 + 27*n**2 - 134*n - 332. Let w be o(19). Determine c(w).
3
Let v(u) = -u**3 - 10*u**2 - 9*u + 8. Let d be v(-9). Let t(j) be the third derivative of 0*j - 4/3*j**3 + 1/24*j**4 + 0 + 4*j**2. What is t(d)?
0
Let x(j) be the second derivative of 2*j**3/3 - 11*j**2 + 434*j + 1. Determine x(5).
-2
Suppose -29*p + 422 = -593. Let n(s) = -p + s**2 + 16 + 14. What is n(4)?
11
Let v(p) = p - 3. Let w be (-2 + 0)/((-7)/(21/2)). Suppose 2*t - w*t = 4. Let s be 1 + 5 + (-2 - t). What is v(s)?
5
Let u(o) = o**3 + 9*o**2 - 6. Suppose 15*k + 99 + 36 = 0. Let p be u(k). Let d(m) = 6*m**2 - 5 - 11*m + 24*m - 13*m + m**3. Calculate d(p).
-5
Let s(f) = -f**3 + 9*f**2 + 10*f - 33. Suppose 995 + 186 = 133*r + 117. Calculate s(r).
111
Let n be (1/(-1) - -4) + (1 - 246). Let v = 237 + n. Let o(h) = -h**2 - 4*h + 6. What is o(v)?
1
Let g(c) = c**3 + 6*c**2 - 4*c - 3. Suppose 24*l + 6*l = 8*l - 132. What is g(l)?
21
Let n(j) be the second derivative of j**3/6 - 3*j**2 - 8*j + 25. Suppose 2*h + 9 = 3. What is n(h)?
-9
Let x(j) = -9*j - 6. Let g(l) = 20*l + 13. Let d(i) = -4*g(i) - 9*x(i). Suppose -c + 32 = 2*f - 4*c, -2*c = 5*f - 61. Let u = 8 - f. Determine d(u).
-3
Let f(k) be the second derivative of -1/20*k**5 + 4*k - 2 + 3/2*k**3 - 1/2*k**4 + 1/2*k**2. Give f(-7).
-13
Let v(d) be the second derivative of -d**5/20 - d**4 + d**3/6 + 9*d**2/2 + 958*d. Calculate v(-12).
-3
Let i(l) be the third derivative of -l**4/8 + 49*l**3/6 - 3*l**2 - 139*l. Give i(18).
-5
Let b(f) = -11*f + 7. Let s(p) = -27*p + 14. Let w(z) = -5*b(z) + 2*s(z). Let x(i) = i**3 + i**2 - 1. Let l be x(1). Let k be 1/(l/3) - -5. Calculate w(k).
1
Let u(i) = -i**3 - i - 65. Let b = 10037 + -10037. What is u(b)?
-65
Let o(k) be the first derivative of k**3/3 - 3*k**2 - 62*k - 3415. Determine o(12).
10
Let m(u) = -u**2 - 2*u. Let w(k) = k**2 + 14*k + 13. Let x be w(-13). Suppose x*h - h - 42 = 0. Let a be 2/(-7) + 156/h. Determine m(a).
-8
Let v(l) be the first derivative of -l**3/3 - 9*l**2/2 + 6*l + 5806. Give v(-7).
20
Let r(n) = n**3 + 4*n**2 + 2*n - 2. Let k be r(-2). Suppose 4 - 14 = k*b. Let s(c) = c**2 + 4*c - 3. What is s(b)?
2
Let i(v) = 3*v - 2*v + 0*v + 4. Let p be i(0). Let j(c) be the second derivative of c**5/20 - c**4/3 + c**2 - 341*c. What is j(p)?
2
Let k(z) = -4*z + 56. Let p be k(14). Suppose 5*u - 28 = r - 3*r, p = u + 5*r - 24. Let m(j) = j - 4. Determine m(u).
0
Let y(d) be the third derivative of -7/60*d**5 - 5/6*d**3 + 0*d + 13*d**2 + 1/120*d**6 + 0 - 1/3*d**4. Let g be (8 + 2 - 6)/((-1)/(-2)). What is y(g)?
-5
Let m be 27/6 + (-60)/(-24). Let c(z) be the first derivative of -8*z + 19 + 1/2*z**2. Calculate c(m).
-1
Let r(m) = 5*m - 7. Suppose -47*a + 19 = -15*a - 13. What is r(a)?
-2
Let o = -6 - -9. Suppose 4 = i - 0*m + 2*m, i + o = 5*m. Let q(w) = 7*w - 3. What is q(i)?
11
Let y(d) = -9*d**3 + 105*d**2 + 193*d + 214. Let r(m) = -2*m**3 + 26*m**2 + 48*m + 54. Let h(c) = -13*r(c) + 3*y(c). Give h(-21).
3
Let f = 329 - 334. Let a(q) be the second derivative of 1/20*q**5 - 1/2*q**2 + 12*q + 5/12*q**4 + 0 - 1/3*q**3. What is a(f)?
9
Let v(n) = n**3 + 7*n**2 - 15*n - 27. Let r(z) = z + 1. Let s(t) = 5*r(t) + v(t). Let c be s(-8). Let h(b) = b + 3. Determine h(c).
-3
Let p(j) = j**3 + 2*j**2 - 5*j - 13. Suppose 42 = -3*d - 11*n, 5*d - 3*n = -23 + 17. Determine p(d).
-7
Let x(i) = -2*i - 12. Let r(c) be the first derivative of c**2/2 + 7*c + 100. Let s(z) = 5*r(z) + 3*x(z). What is s(1)?
-2
Let h(x) = -x**2 - 4*x + 31. Let v be 36/20 - (-1998)/(-185). Determine h(v).
-14
Let b(o) = 3*o - 21. Suppose -98 = -132*w + 131*w. Suppose -11*z + 1 = -w. Calculate b(z).
6
Let x(g) = 2*g**2 + 49*g + 22. Let j(d) = 3*d**3 + 206*d**2 - 46*d + 1563. Let z be j(-69). What is x(z)?
-2
Let z = -590 + 350. Let r = -254 - z. Let g(s) = s**3 + 14*s**2 + s + 14. What is g(r)?
0
Let a(r) be the first derivative of -r**2/2 - r + 40. Suppose 0 = 6*h - 2*h + 40. Let d(p) = 4*p**2 + 40*p + 2. Let v be d(h). Calculate a(v).
-3
Let n(p) = -3. Let h(m) = 3*m - 18. Let v(l) = h(l) - 12*n(l). Calculate v(-15).
-27
Let r(b) = b**3 - 16*b**2 - 38*b - 35. Let q be r(17). Let n = q - -376. Let v(x) = -x**3 - 17*x**2 - 16*x + 2. What is v(n)?
2
Let z = 28 + -42. Let b be (-14)/21 - z/3. Suppose -b*a = -5*n + 7, 17 + 4 = 5*n + 3*a. Let u(d) = -d**3 + 4*d**2 - 2*d - 3. Determine u(n).
0
Let i be 3/(-5)*(-5 + -25)/2. Let t(o) = -o**2 + o + 2. What is t(i)?
-70
Let z(r) be the third derivative of -r**7/2520 - r**6/144 + r**5/40 + 61*r**4/24 + r**2 + 6. Let j(f) be the second derivative of z(f). Give j(3).
-21
Let m(z) = z + 2. Let t(q) = -9*q + 8585*q**3 - 8587*q**3 - 6*q**2 + 2*q**2 - 14. Let y be t(-2). Give m(y).
6
Let l(n) = -210*n + 326. Let w(d) = -30*d + 41. Let x(o) = 3*l(o) - 22*w(o). Calculate x(-3).
-14
Let p(u) = -31*u - 27. Suppose 14*d + 6 = -8. Calculate p(d).
4
Let z = -1 + 0. Let q(x) be the second derivative of x**5/2 - x**4/6 + x**2/2 + 2*x - 1377. Determine q(z).
-11
Let w(n) = -4*n**2 + 6*n - 8. Let v(o) = 563*o + 6758. Let l be v(-12). Calculate w(l).
-12
Let t(c) = 10*c - 10*c + 4 + 10 + 13*c + 14*c + 18*c**2. Let r(d) = 8*d**2 + 13*d + 6. Let b(o) = -7*r(o) + 3*t(o). Give b(-6).
-12
Let f(b) =